{"id":72,"date":"2022-10-03T09:34:11","date_gmt":"2022-10-03T07:34:11","guid":{"rendered":"https:\/\/skolkahaj.cz.uvirt121.active24.cz\/smolkov\/?page_id=72"},"modified":"2025-10-30T09:22:17","modified_gmt":"2025-10-30T08:22:17","slug":"tym","status":"publish","type":"page","link":"https:\/\/skolkahaj.cz\/smolkov\/tym\/","title":{"rendered":"T\u00fdm"},"content":{"rendered":"<h1>T\u00fdm<\/h1>\n<p><span style=\"font-size: 18pt;color: #fd561d\"><strong><span style=\"font-family: tahoma, arial, helvetica, sans-serif\">Oran\u017eov\u00e1 t\u0159\u00edda<\/span><\/strong><\/span><\/p>\n<table style=\"width: 100%;border-collapse: collapse;border-color: #e67e7e\">\n<tbody>\n<tr>\n<td style=\"width: 33.3333%\"><img loading=\"lazy\" class=\"size-medium wp-image-82\" src=\"https:\/\/skolkahaj.cz.uvirt121.active24.cz\/smolkov\/wp-content\/uploads\/sites\/3\/2022\/10\/Uc\u030citelka-Tereza-Jurs\u030cova\u0301-Sucha\u0301nkova\u0301-209x300.png\" alt=\"\" width=\"209\" height=\"300\" srcset=\"https:\/\/skolkahaj.cz\/smolkov\/wp-content\/uploads\/sites\/3\/2022\/10\/Uc\u030citelka-Tereza-Jurs\u030cova\u0301-Sucha\u0301nkova\u0301-209x300.png 209w, https:\/\/skolkahaj.cz\/smolkov\/wp-content\/uploads\/sites\/3\/2022\/10\/Uc\u030citelka-Tereza-Jurs\u030cova\u0301-Sucha\u0301nkova\u0301.png 556w\" sizes=\"(max-width: 209px) 100vw, 209px\" \/><\/td>\n<td style=\"width: 33.3333%\"><img loading=\"lazy\" class=\" wp-image-80\" src=\"https:\/\/skolkahaj.cz.uvirt121.active24.cz\/smolkov\/wp-content\/uploads\/sites\/3\/2022\/10\/Uc\u030citelka-Tereza-Jurs\u030cova\u0301-Sucha\u0301nkova\u0301-249x300.jpg\" alt=\"\" width=\"199\" height=\"240\" srcset=\"https:\/\/skolkahaj.cz\/smolkov\/wp-content\/uploads\/sites\/3\/2022\/10\/Uc\u030citelka-Tereza-Jurs\u030cova\u0301-Sucha\u0301nkova\u0301-249x300.jpg 249w, https:\/\/skolkahaj.cz\/smolkov\/wp-content\/uploads\/sites\/3\/2022\/10\/Uc\u030citelka-Tereza-Jurs\u030cova\u0301-Sucha\u0301nkova\u0301.jpg 622w\" sizes=\"(max-width: 199px) 100vw, 199px\" \/><\/td>\n<td style=\"width: 33.3333%\">&nbsp;<\/p>\n<p><strong><span style=\"font-size: 24pt\">Tereza Jur\u0161ov\u00e1 Such\u00e1nkov\u00e1<\/span><\/strong><\/p>\n<p>vedouc\u00ed u\u010ditelka<\/p>\n<p><strong><span style=\"font-size: 24pt\">\u00a0<\/span><\/strong><\/td>\n<\/tr>\n<tr>\n<td style=\"width: 33.3333%\"><img loading=\"lazy\" class=\"alignnone size-medium wp-image-64\" src=\"https:\/\/skolkahaj.cz.uvirt121.active24.cz\/smolkov\/wp-content\/uploads\/sites\/3\/2022\/09\/Vedouc\u00b0-uu\u0308itelka-Mgr.-Kl\u2020ra-Malohlavov\u2020-212x300.png\" alt=\"\" width=\"212\" height=\"300\" srcset=\"https:\/\/skolkahaj.cz\/smolkov\/wp-content\/uploads\/sites\/3\/2022\/09\/Vedouc\u00b0-uu\u0308itelka-Mgr.-Kl\u2020ra-Malohlavov\u2020-212x300.png 212w, https:\/\/skolkahaj.cz\/smolkov\/wp-content\/uploads\/sites\/3\/2022\/09\/Vedouc\u00b0-uu\u0308itelka-Mgr.-Kl\u2020ra-Malohlavov\u2020.png 585w\" sizes=\"(max-width: 212px) 100vw, 212px\" \/><\/td>\n<td style=\"width: 33.3333%\"><img loading=\"lazy\" class=\"size-medium wp-image-54\" src=\"https:\/\/skolkahaj.cz.uvirt121.active24.cz\/smolkov\/wp-content\/uploads\/sites\/3\/2022\/09\/DSC_0910-200x300.jpg\" alt=\"\" width=\"200\" height=\"300\" srcset=\"https:\/\/skolkahaj.cz\/smolkov\/wp-content\/uploads\/sites\/3\/2022\/09\/DSC_0910-200x300.jpg 200w, https:\/\/skolkahaj.cz\/smolkov\/wp-content\/uploads\/sites\/3\/2022\/09\/DSC_0910.jpg 355w\" sizes=\"(max-width: 200px) 100vw, 200px\" \/><\/td>\n<td style=\"width: 33.3333%\"><strong><span style=\"font-size: 24pt\">Mgr. Kl\u00e1ra Malohlavov\u00e1<\/span><\/strong><\/p>\n<p>u\u010ditelka<\/td>\n<\/tr>\n<tr>\n<td style=\"width: 33.3333%\"><img loading=\"lazy\" class=\"alignnone size-medium wp-image-65\" src=\"https:\/\/skolkahaj.cz.uvirt121.active24.cz\/smolkov\/wp-content\/uploads\/sites\/3\/2022\/09\/Domovnice-Brigita-Kurzov\u2020-212x300.png\" alt=\"\" width=\"212\" height=\"300\" srcset=\"https:\/\/skolkahaj.cz\/smolkov\/wp-content\/uploads\/sites\/3\/2022\/09\/Domovnice-Brigita-Kurzov\u2020-212x300.png 212w, https:\/\/skolkahaj.cz\/smolkov\/wp-content\/uploads\/sites\/3\/2022\/09\/Domovnice-Brigita-Kurzov\u2020.png 585w\" sizes=\"(max-width: 212px) 100vw, 212px\" \/><\/td>\n<td style=\"width: 33.3333%\"><img loading=\"lazy\" class=\"size-medium wp-image-55\" src=\"https:\/\/skolkahaj.cz.uvirt121.active24.cz\/smolkov\/wp-content\/uploads\/sites\/3\/2022\/09\/DSC_0912-200x300.jpg\" alt=\"\" width=\"200\" height=\"300\" srcset=\"https:\/\/skolkahaj.cz\/smolkov\/wp-content\/uploads\/sites\/3\/2022\/09\/DSC_0912-200x300.jpg 200w, https:\/\/skolkahaj.cz\/smolkov\/wp-content\/uploads\/sites\/3\/2022\/09\/DSC_0912.jpg 355w\" sizes=\"(max-width: 200px) 100vw, 200px\" \/><\/td>\n<td style=\"width: 33.3333%\"><strong><span style=\"font-size: 24pt\">Brigita Kursov\u00e1<\/span><\/strong><\/p>\n<p>domovnice<\/td>\n<\/tr>\n<\/tbody>\n<\/table>\n<p>&nbsp;<\/p>\n<table style=\"width: 100%;border-collapse: collapse;border-color: #e67e7e\">\n<tbody>\n<tr>\n<td style=\"width: 33.3333%\"><\/td>\n<td style=\"width: 33.3333%\"><img loading=\"lazy\" class=\"alignnone size-medium wp-image-1256\" src=\"https:\/\/skolkahaj.cz\/smolkov\/wp-content\/uploads\/sites\/3\/2025\/10\/DSC_0521-1-200x300.jpg\" alt=\"\" width=\"200\" height=\"300\" srcset=\"https:\/\/skolkahaj.cz\/smolkov\/wp-content\/uploads\/sites\/3\/2025\/10\/DSC_0521-1-200x300.jpg 200w, https:\/\/skolkahaj.cz\/smolkov\/wp-content\/uploads\/sites\/3\/2025\/10\/DSC_0521-1.jpg 355w\" sizes=\"(max-width: 200px) 100vw, 200px\" \/><\/td>\n<td style=\"width: 33.3333%\"><strong><span style=\"font-size: 24pt\">Lenka Sedl\u00e1kov\u00e1, DiS.<\/span><\/strong><\/p>\n<p>\u0161koln\u00ed asistent \/ u\u010ditelka<\/td>\n<\/tr>\n<\/tbody>\n<\/table>\n<h2><\/h2>\n<h2>\u0158editelka mate\u0159sk\u00e9 \u0161koly<\/h2>\n<p>Alice Hrano\u0161ov\u00e1<\/p>\n<p><em>se s\u00eddlem \u0159editelstv\u00ed na M\u0160 H\u00e1j ve Slezsku, \u0160koln\u00ed 48<\/em><\/p>\n<div id=\"attachment_59\" style=\"width: 235px\" class=\"wp-caption alignnone\"><img aria-describedby=\"caption-attachment-59\" loading=\"lazy\" class=\"size-medium wp-image-59\" src=\"https:\/\/skolkahaj.cz.uvirt121.active24.cz\/smolkov\/wp-content\/uploads\/sites\/3\/2022\/09\/DSC_0701-225x300.jpg\" alt=\"\" width=\"225\" height=\"300\" srcset=\"https:\/\/skolkahaj.cz\/smolkov\/wp-content\/uploads\/sites\/3\/2022\/09\/DSC_0701-225x300.jpg 225w, https:\/\/skolkahaj.cz\/smolkov\/wp-content\/uploads\/sites\/3\/2022\/09\/DSC_0701.jpg 400w\" sizes=\"(max-width: 225px) 100vw, 225px\" \/><p id=\"caption-attachment-59\" class=\"wp-caption-text\">Alice Hrano\u0161ov\u00e1 &#8211; \u0159editelka<\/p><\/div>\n","protected":false},"excerpt":{"rendered":"<p>T\u00fdm Oran\u017eov\u00e1 t\u0159\u00edda &nbsp; Tereza Jur\u0161ov\u00e1 Such\u00e1nkov\u00e1 vedouc\u00ed u\u010ditelka \u00a0 Mgr. Kl\u00e1ra Malohlavov\u00e1 u\u010ditelka Brigita Kursov\u00e1 domovnice &nbsp; Lenka Sedl\u00e1kov\u00e1, DiS. \u0161koln\u00ed asistent \/ u\u010ditelka \u0158editelka mate\u0159sk\u00e9 \u0161koly Alice Hrano\u0161ov\u00e1 se s\u00eddlem \u0159editelstv\u00ed na M\u0160 H\u00e1j ve Slezsku, \u0160koln\u00ed 48<\/p>\n","protected":false},"author":3,"featured_media":0,"parent":0,"menu_order":0,"comment_status":"closed","ping_status":"closed","template":"","meta":[],"_links":{"self":[{"href":"https:\/\/skolkahaj.cz\/smolkov\/wp-json\/wp\/v2\/pages\/72"}],"collection":[{"href":"https:\/\/skolkahaj.cz\/smolkov\/wp-json\/wp\/v2\/pages"}],"about":[{"href":"https:\/\/skolkahaj.cz\/smolkov\/wp-json\/wp\/v2\/types\/page"}],"author":[{"embeddable":true,"href":"https:\/\/skolkahaj.cz\/smolkov\/wp-json\/wp\/v2\/users\/3"}],"replies":[{"embeddable":true,"href":"https:\/\/skolkahaj.cz\/smolkov\/wp-json\/wp\/v2\/comments?post=72"}],"version-history":[{"count":8,"href":"https:\/\/skolkahaj.cz\/smolkov\/wp-json\/wp\/v2\/pages\/72\/revisions"}],"predecessor-version":[{"id":1257,"href":"https:\/\/skolkahaj.cz\/smolkov\/wp-json\/wp\/v2\/pages\/72\/revisions\/1257"}],"wp:attachment":[{"href":"https:\/\/skolkahaj.cz\/smolkov\/wp-json\/wp\/v2\/media?parent=72"}],"curies":[{"name":"wp","href":"https:\/\/api.w.org\/{rel}","templated":true}]}}