{"id":25,"date":"2022-08-21T10:54:17","date_gmt":"2022-08-21T08:54:17","guid":{"rendered":"https:\/\/skolkahaj.cz.uvirt121.active24.cz\/smolkov\/?page_id=25"},"modified":"2025-01-22T07:14:49","modified_gmt":"2025-01-22T06:14:49","slug":"krouzky","status":"publish","type":"page","link":"https:\/\/skolkahaj.cz\/smolkov\/krouzky\/","title":{"rendered":"Z\u00e1jmov\u00e9 krou\u017eky"},"content":{"rendered":"<h1>Z\u00e1jmov\u00fd krou\u017eek tance<\/h1>\n<p>Pro rozvoj talentu d\u011bt\u00ed nab\u00edz\u00ed na\u0161e mate\u0159sk\u00e1 \u0161kola d\u011btem dopl\u0148kov\u00e9 programy &#8211; z\u00e1jmov\u00fd krou\u017eek &#8211; tane\u010dky.<\/p>\n<p>Tento program je vhodn\u00fd pro d\u011bti od \u010dty\u0159 let. Rodi\u010de mohou p\u0159ihl\u00e1sit sv\u00e9 d\u011bti po domluv\u011b. Krou\u017eek je hrazen rodi\u010di.<\/p>\n<p>Tento program prob\u00edh\u00e1 odpoledne pod veden\u00edm kvalifikovan\u00e9ho tren\u00e9ra.<\/p>\n<p>&nbsp;<\/p>\n<p>&nbsp;<\/p>\n","protected":false},"excerpt":{"rendered":"<p>Z\u00e1jmov\u00fd krou\u017eek tance Pro rozvoj talentu d\u011bt\u00ed nab\u00edz\u00ed na\u0161e mate\u0159sk\u00e1 \u0161kola d\u011btem dopl\u0148kov\u00e9 programy &#8211; z\u00e1jmov\u00fd krou\u017eek &#8211; tane\u010dky. Tento program je vhodn\u00fd pro d\u011bti od \u010dty\u0159 let. Rodi\u010de mohou p\u0159ihl\u00e1sit sv\u00e9 d\u011bti po domluv\u011b. Krou\u017eek je hrazen rodi\u010di. Tento program prob\u00edh\u00e1 odpoledne pod veden\u00edm kvalifikovan\u00e9ho tren\u00e9ra. &nbsp; &nbsp;<\/p>\n","protected":false},"author":3,"featured_media":0,"parent":0,"menu_order":0,"comment_status":"closed","ping_status":"closed","template":"","meta":[],"_links":{"self":[{"href":"https:\/\/skolkahaj.cz\/smolkov\/wp-json\/wp\/v2\/pages\/25"}],"collection":[{"href":"https:\/\/skolkahaj.cz\/smolkov\/wp-json\/wp\/v2\/pages"}],"about":[{"href":"https:\/\/skolkahaj.cz\/smolkov\/wp-json\/wp\/v2\/types\/page"}],"author":[{"embeddable":true,"href":"https:\/\/skolkahaj.cz\/smolkov\/wp-json\/wp\/v2\/users\/3"}],"replies":[{"embeddable":true,"href":"https:\/\/skolkahaj.cz\/smolkov\/wp-json\/wp\/v2\/comments?post=25"}],"version-history":[{"count":7,"href":"https:\/\/skolkahaj.cz\/smolkov\/wp-json\/wp\/v2\/pages\/25\/revisions"}],"predecessor-version":[{"id":1081,"href":"https:\/\/skolkahaj.cz\/smolkov\/wp-json\/wp\/v2\/pages\/25\/revisions\/1081"}],"wp:attachment":[{"href":"https:\/\/skolkahaj.cz\/smolkov\/wp-json\/wp\/v2\/media?parent=25"}],"curies":[{"name":"wp","href":"https:\/\/api.w.org\/{rel}","templated":true}]}}