{"id":37,"date":"2022-08-21T11:35:01","date_gmt":"2022-08-21T09:35:01","guid":{"rendered":"https:\/\/skolkahaj.cz.uvirt121.active24.cz\/jidelna\/?page_id=37"},"modified":"2026-01-16T13:14:56","modified_gmt":"2026-01-16T12:14:56","slug":"jidelna-pri-zs","status":"publish","type":"page","link":"https:\/\/skolkahaj.cz\/jidelna\/jidelna-pri-zs\/","title":{"rendered":"J\u00eddelna p\u0159i Z\u0160"},"content":{"rendered":"<h1>J\u00eddelna p\u0159i Z\u0160<\/h1>\n<h2 align=\"left\"><strong>Provoz \u0161koln\u00ed j\u00eddelny u Z\u0160<\/strong><\/h2>\n<p align=\"left\">\u00a0\u00a0V\u00fddej j\u00eddla od 11.30 do 13.40 hod pro \u017e\u00e1ky Z\u0160 H\u00e1j a \u0161kolsk\u00e9 pracovn\u00edky<\/p>\n<p><strong><span style=\"color: #ff0000\">P\u0159\u00edj\u00edm\u00e1n\u00ed str\u00e1vn\u00edk\u016f<\/span><br \/>\n<\/strong>V\u0161ichni str\u00e1vn\u00edci jsou p\u0159ij\u00edm\u00e1ni ke stravov\u00e1n\u00ed na z\u00e1klad\u011b p\u0159ihl\u00e1\u0161ky.<\/p>\n<p><span style=\"color: #ff0000\">Identifika\u010dn\u00ed \u010dipy str\u00e1vn\u00edk\u016f<br \/>\n<\/span>\u010cipy slou\u017e\u00ed pro identifikaci str\u00e1vn\u00edka a pro kontrolu odb\u011bru j\u00eddla. Tento \u010dip maj\u00ed str\u00e1vn\u00edci po celou dobu stravov\u00e1n\u00ed. P\u0159i ztr\u00e1t\u011b \u010dipu je str\u00e1vn\u00edk povinen si zakoupit \u010dip nov\u00fd. D\u00e1le &#8211; viz Vnit\u0159n\u00ed \u0159\u00e1d Z\u0160.<\/p>\n<p align=\"left\"><span style=\"color: #ff0000\">Odhl\u00e1\u0161ky<\/span><br \/>\nOdhl\u00e1\u0161ky ob\u011bd\u016f se p\u0159ij\u00edmaj\u00ed 24 hodin p\u0159ed zah\u00e1jen\u00edm v\u00fddeje. Odhl\u00e1\u0161ky se p\u0159ij\u00edmaj\u00ed osobn\u011b u vedouc\u00ed \u0161koln\u00ed j\u00eddelny nebo telefonicky na \u010d\u00edsle 553 773 002, \/ mimo pracovn\u00ed dobu na z\u00e1znamn\u00edk s ud\u00e1n\u00edm konkr\u00e9tn\u00edch datum\u016f term\u00ednu odhl\u00e1\u0161ky &#8211; od do\/, jm\u00e9na str\u00e1vn\u00edka a t\u0159\u00eddy. Jen v pond\u011bl\u00ed je mo\u017eno se p\u0159ihl\u00e1sit \u010di odhl\u00e1sit do 8.00 hodin na tento den. P\u0159ij\u00edm\u00e1me jen p\u0159esn\u011b term\u00ednovan\u00e9 odhl\u00e1\u0161ky.. Tzn.,trv\u00e1-li nep\u0159\u00edtomnost str\u00e1vn\u00edka d\u00e9le ne\u017e byl odhl\u00e1\u0161en, mus\u00ed si op\u011bt stravu odhl\u00e1sit.<br \/>\nUpozor\u0148uji v\u0161echny str\u00e1vn\u00edky a jejich rodi\u010de, \u017ee pokud d\u00edt\u011b nep\u0159ijde do \u0161koly, neznamen\u00e1 to, \u017ee je automaticky odhl\u00e1\u0161eno.<br \/>\nN\u00e1rok na dotovan\u00e9 j\u00eddlo p\u0159\u00edslu\u0161\u00ed jen ve dnech \u0161koln\u00edho vzd\u011bl\u00e1v\u00e1n\u00ed \u2013 ne o pr\u00e1zdnin\u00e1ch nebo \u0159editelsk\u00e9m volnu, v dob\u011b nemoci m\u00e1 d\u00edt\u011b n\u00e1rok na ob\u011bd pouze prvn\u00ed den nemoci, na dal\u0161\u00ed dny je\u00a0 nutn\u00e9 ob\u011bdy odhl\u00e1sit. Ob\u011bd m\u016f\u017ee b\u00fdt 1. den nemoci vyzvednut do j\u00eddlonosi\u010de v dob\u011b od\u00a0 12,00 \u2013 12,20 hodin.<br \/>\nDo M\u0160 Lhota nebudeme stravu \u017e\u00e1k\u016f Z\u0160 H\u00e1j zas\u00edlat.<br \/>\nV dob\u011b nemoci je str\u00e1vn\u00edk povinen se z ob\u011bd\u016f odhl\u00e1sit, pokud nechce hradit plnou cenu ob\u011bdu. (tzn. v\u010detn\u011b re\u017eijn\u00edch a mzdov\u00fdch n\u00e1klad\u016f = + 51,&#8211; K\u010d)<\/p>\n<p align=\"left\"><span style=\"color: #0000ff\">V p\u0159\u00edpad\u011b zji\u0161t\u011bn\u00ed rozd\u00edl\u016f mezi neodhl\u00e1\u0161enou stravou \u017e\u00e1ka a jeho nep\u0159\u00edtomnost\u00ed ve vyu\u010dov\u00e1n\u00ed bude ve\u0161ker\u00e9 vznikl\u00e9 finan\u010dn\u00ed n\u00e1klady hradit z\u00e1konn\u00fd z\u00e1stupce.<br \/>\n<\/span><br \/>\n<span style=\"color: #ff0000\">UPOZORN\u011aN\u00cd !<\/span> Dle\u00a0 vyhl\u00e1\u0161ky nejsou d\u011bti za\u0159azov\u00e1ni do cenov\u00fdch kategori\u00ed podle t\u0159\u00edd, ale podle v\u011bku. II.kat. 7-10 let, III.kat. 11-14 let, IV.kat. 15-a v\u00edce let.<br \/>\nDo v\u011bkov\u00fdch skupin jsou str\u00e1vn\u00edci za\u0159azov\u00e1n\u00ed na dobu \u0161koln\u00edho roku, ve kter\u00e9m dan\u00e9ho v\u011bku dosahuj\u00ed. \u0160koln\u00ed rok je od 1.9. -31.8 dan\u00e9ho roku.<\/p>\n<p><strong>\u00a0<\/strong><\/p>\n<table style=\"border-collapse: collapse;width: 100%\">\n<tbody>\n<tr>\n<td style=\"width: 33.3333%\"><strong><span style=\"color: #ff0000\">Cena j\u00eddla:\u00a0<\/span><\/strong><\/td>\n<td style=\"width: 33.3333%\"><strong><span style=\"color: #ff0000\">potraviny<\/span><\/strong><\/td>\n<td style=\"width: 33.3333%\"><strong><span style=\"color: #ff0000\">\u00fahrada rodi\u010d\u016f<\/span><\/strong><\/td>\n<\/tr>\n<tr>\n<td style=\"width: 33.3333%\"><strong>II. kat.<\/strong><\/td>\n<td style=\"width: 33.3333%\"><strong>30,&#8211;\u00a0 K\u010d<\/strong><\/td>\n<td style=\"width: 33.3333%\"><strong>30,&#8211;\u00a0 K\u010d<\/strong><\/td>\n<\/tr>\n<tr>\n<td style=\"width: 33.3333%\"><strong>III. kat.<\/strong><\/td>\n<td style=\"width: 33.3333%\"><strong>32,&#8211;\u00a0 K\u010d<\/strong><\/td>\n<td style=\"width: 33.3333%\"><strong>32,&#8211;\u00a0 K\u010d<\/strong><\/td>\n<\/tr>\n<tr>\n<td style=\"width: 33.3333%\"><strong>IV. kat.<\/strong><\/td>\n<td style=\"width: 33.3333%\"><strong>34,&#8211;\u00a0\u00a0K\u010d<\/strong><\/td>\n<td style=\"width: 33.3333%\"><strong>34,&#8211; K\u010d<\/strong><\/td>\n<\/tr>\n<\/tbody>\n<\/table>\n<p>&nbsp;<\/p>\n<p>Rodi\u010de hrad\u00ed pouze hodnotu za potraviny podle st\u00e1\u0159\u00ed d\u00edt\u011bte. Re\u017eijn\u00ed n\u00e1klady na jeden ob\u011bd jsou hrazeny z p\u0159\u00edsp\u011bvku Obce H\u00e1j ve Slezsku. Mzdov\u00e9 n\u00e1klady jsou s platnost\u00ed od 1. ledna 2026 tak\u00e9 hrazeny z p\u0159\u00edsp\u011bvku Obce H\u00e1j ve Slezsku.<\/p>\n<p align=\"left\"><span style=\"color: #ff0000\">\u00dahrada j\u00eddla<\/span><br \/>\n\u00dahrada stravn\u00e9ho je prov\u00e1d\u011bna v\u017edy na dan\u00fd m\u011bs\u00edc.<\/p>\n<p align=\"left\">K platb\u011b m\u016f\u017eete pou\u017e\u00edt tyto mo\u017enosti:<\/p>\n<ul>\n<li><span style=\"color: #0000ff\">inkasn\u00ed souhlas z jak\u00e9koliv banky<\/span> &#8211; nutno zav\u00e9st souhlas s inkasem na n\u00ed\u017ee uveden\u00e9 \u010d\u00edslo \u00fa\u010dtu a tuto skute\u010dnost ozn\u00e1mit ve \u0161koln\u00ed j\u00eddeln\u011b, v\u010detn\u011b sv\u00e9ho \u010d\u00edsla \u00fa\u010dtu<\/li>\n<li><span style=\"color: #0000ff\">trval\u00fd p\u0159\u00edkaz<\/span> &#8211; ka\u017ed\u00fd str\u00e1vn\u00edk, kter\u00fd chce takto platit, mus\u00ed si u vedouc\u00ed \u0161koln\u00ed j\u00eddelny vyzvednout p\u0159id\u011blen\u00fd variabiln\u00ed symbol(\u010d\u00edslo str\u00e1vn\u00edka)<\/li>\n<li>Jednotliv\u00e9 \u010d\u00e1stky trval\u00fdch p\u0159\u00edkaz\u016f pro str\u00e1vn\u00edky v Z\u0160:\n<ul>\n<li>II. kat.\u00a0 600,- K\u010d<\/li>\n<li>III.kat.\u00a0 640,- K\u010d<\/li>\n<li>IV. kat. 680,- K\u010d<\/li>\n<\/ul>\n<\/li>\n<\/ul>\n<p>Stravn\u00e9 placeno trval\u00fdmi p\u0159\u00edkazy se z\u00fa\u010dtov\u00e1v\u00e1 v\u017edy k 31. prosinci a 30. \u010dervnu dan\u00e9ho \u0161koln\u00edho roku.<\/p>\n<ul>\n<li><span style=\"color: #0000ff\">informativn\u00ed l\u00edstek o platb\u011b,<\/span> kter\u00fd je splatn\u00fd do 15. dne p\u0159\u00edslu\u0161n\u00e9ho m\u011bs\u00edce. Informativn\u00ed l\u00edstky se vyd\u00e1vaj\u00ed v\u017edy na dan\u00fd m\u011bs\u00edc podle po\u010dtu objednan\u00fdch j\u00eddel. Stravn\u00e9 je sn\u00ed\u017eeno o skute\u010dnost neodebran\u00fdch ob\u011bd\u016f v minul\u00e9m m\u011bs\u00edci nebo zv\u00fd\u0161eno, pokud stravn\u00e9 nebylo uhrazeno v\u010das nebo nebyly odhl\u00e1\u0161eny ob\u011bdy v dob\u011b nep\u0159\u00edtomnosti ve \u0161kole. L\u00edstky o platb\u011b jsou pro z\u00e1jemce zas\u00edl\u00e1ny p\u0159es e-mail adresy.<\/li>\n<\/ul>\n<p align=\"left\"><span style=\"color: #0000ff\">Pros\u00edme str\u00e1vn\u00edky o zaveden\u00ed \u00fahrady stravn\u00e9ho inkasn\u00edm souhlasem. <\/span><\/p>\n<p align=\"left\"><span style=\"color: #0000ff\">\u010c\u00edslo \u00fa\u010dtu k placen\u00ed: <strong>035-1846299389\/0800<\/strong><\/span><\/p>\n<p align=\"left\"><span style=\"color: #0000ff\">Jako variabiln\u00ed symbol se pou\u017e\u00edv\u00e1 \u010d\u00edslo str\u00e1vn\u00edka.\u00a0 \u00a0 \u00a0<\/span><\/p>\n<p align=\"left\">Dal\u0161\u00ed informace V\u00e1m poskytne vedouc\u00ed \u0160J p\u0159i Mate\u0159sk\u00e9 \u0161kole H\u00e1j<br \/>\nosobn\u011b nebo na tel.\u010d\u00edsle 553 773 002<\/p>\n<p><span style=\"color: #0000ff\">V\u0161em str\u00e1vn\u00edk\u016fm p\u0159ejeme dobrou chu\u0165.<\/span><\/p>\n<p align=\"left\">Dagmar\u00a0 M o r a v c o v \u00e1,\u00a0\u00a0\u00a0 vedouc\u00ed \u0160J<br \/>\na kolektiv \u0161koln\u00ed j\u00eddelny p\u0159i Mate\u0159sk\u00e9 \u0161kole H\u00e1j ve Slezsku<\/p>\n","protected":false},"excerpt":{"rendered":"<p>J\u00eddelna p\u0159i Z\u0160 Provoz \u0161koln\u00ed j\u00eddelny u Z\u0160 \u00a0\u00a0V\u00fddej j\u00eddla od 11.30 do 13.40 hod pro \u017e\u00e1ky Z\u0160 H\u00e1j a \u0161kolsk\u00e9 pracovn\u00edky P\u0159\u00edj\u00edm\u00e1n\u00ed str\u00e1vn\u00edk\u016f V\u0161ichni str\u00e1vn\u00edci jsou p\u0159ij\u00edm\u00e1ni ke stravov\u00e1n\u00ed [&hellip;]<\/p>\n","protected":false},"author":3,"featured_media":0,"parent":0,"menu_order":0,"comment_status":"closed","ping_status":"closed","template":"","meta":[],"_links":{"self":[{"href":"https:\/\/skolkahaj.cz\/jidelna\/wp-json\/wp\/v2\/pages\/37"}],"collection":[{"href":"https:\/\/skolkahaj.cz\/jidelna\/wp-json\/wp\/v2\/pages"}],"about":[{"href":"https:\/\/skolkahaj.cz\/jidelna\/wp-json\/wp\/v2\/types\/page"}],"author":[{"embeddable":true,"href":"https:\/\/skolkahaj.cz\/jidelna\/wp-json\/wp\/v2\/users\/3"}],"replies":[{"embeddable":true,"href":"https:\/\/skolkahaj.cz\/jidelna\/wp-json\/wp\/v2\/comments?post=37"}],"version-history":[{"count":9,"href":"https:\/\/skolkahaj.cz\/jidelna\/wp-json\/wp\/v2\/pages\/37\/revisions"}],"predecessor-version":[{"id":435,"href":"https:\/\/skolkahaj.cz\/jidelna\/wp-json\/wp\/v2\/pages\/37\/revisions\/435"}],"wp:attachment":[{"href":"https:\/\/skolkahaj.cz\/jidelna\/wp-json\/wp\/v2\/media?parent=37"}],"curies":[{"name":"wp","href":"https:\/\/api.w.org\/{rel}","templated":true}]}}

Jídelna při ZŠ

<h1>Jídelna při ZŠ</h1>
<h2 align="left"><strong>Provoz školní jídelny u ZŠ</strong></h2>
<p align="left">  Výdej jídla od 11.30 do 13.40 hod pro žáky ZŠ Háj a školské pracovníky</p>
<p><strong><span style="color: #ff0000">Příjímání strávníků</span><br />
</strong>Všichni strávníci jsou přijímáni ke stravování na základě přihlášky.</p>
<p><span style="color: #ff0000">Identifikační čipy strávníků<br />
</span>Čipy slouží pro identifikaci strávníka a pro kontrolu odběru jídla. Tento čip mají strávníci po celou dobu stravování. Při ztrátě čipu je strávník povinen si zakoupit čip nový. Dále &#8211; viz Vnitřní řád ZŠ.</p>
<p align="left"><span style="color: #ff0000">Odhlášky</span><br />
Odhlášky obědů se přijímají 24 hodin před zahájením výdeje. Odhlášky se přijímají osobně u vedoucí školní jídelny nebo telefonicky na čísle 553 773 002, / mimo pracovní dobu na záznamník s udáním konkrétních datumů termínu odhlášky &#8211; od do/, jména strávníka a třídy. Jen v pondělí je možno se přihlásit či odhlásit do 8.00 hodin na tento den. Přijímáme jen přesně termínované odhlášky.. Tzn.,trvá-li nepřítomnost strávníka déle než byl odhlášen, musí si opět stravu odhlásit.<br />
Upozorňuji všechny strávníky a jejich rodiče, že pokud dítě nepřijde do školy, neznamená to, že je automaticky odhlášeno.<br />
Nárok na dotované jídlo přísluší jen ve dnech školního vzdělávání – ne o prázdninách nebo ředitelském volnu, v době nemoci má dítě nárok na oběd pouze první den nemoci, na další dny je  nutné obědy odhlásit. Oběd může být 1. den nemoci vyzvednut do jídlonosiče v době od  12,00 – 12,20 hodin.<br />
Do MŠ Lhota nebudeme stravu žáků ZŠ Háj zasílat.<br />
V době nemoci je strávník povinen se z obědů odhlásit, pokud nechce hradit plnou cenu obědu. (tzn. včetně režijních a mzdových nákladů = + 51,&#8211; Kč)</p>
<p align="left"><span style="color: #0000ff">V případě zjištění rozdílů mezi neodhlášenou stravou žáka a jeho nepřítomností ve vyučování bude veškeré vzniklé finanční náklady hradit zákonný zástupce.<br />
</span><br />
<span style="color: #ff0000">UPOZORNĚNÍ !</span> Dle  vyhlášky nejsou děti zařazováni do cenových kategorií podle tříd, ale podle věku. II.kat. 7-10 let, III.kat. 11-14 let, IV.kat. 15-a více let.<br />
Do věkových skupin jsou strávníci zařazování na dobu školního roku, ve kterém daného věku dosahují. Školní rok je od 1.9. -31.8 daného roku.</p>
<p><strong> </strong></p>
<table style="border-collapse: collapse;width: 100%">
<tbody>
<tr>
<td style="width: 33.3333%"><strong><span style="color: #ff0000">Cena jídla: </span></strong></td>
<td style="width: 33.3333%"><strong><span style="color: #ff0000">potraviny</span></strong></td>
<td style="width: 33.3333%"><strong><span style="color: #ff0000">úhrada rodičů</span></strong></td>
</tr>
<tr>
<td style="width: 33.3333%"><strong>II. kat.</strong></td>
<td style="width: 33.3333%"><strong>30,&#8211;  Kč</strong></td>
<td style="width: 33.3333%"><strong>30,&#8211;  Kč</strong></td>
</tr>
<tr>
<td style="width: 33.3333%"><strong>III. kat.</strong></td>
<td style="width: 33.3333%"><strong>32,&#8211;  Kč</strong></td>
<td style="width: 33.3333%"><strong>32,&#8211;  Kč</strong></td>
</tr>
<tr>
<td style="width: 33.3333%"><strong>IV. kat.</strong></td>
<td style="width: 33.3333%"><strong>34,&#8211;  Kč</strong></td>
<td style="width: 33.3333%"><strong>34,&#8211; Kč</strong></td>
</tr>
</tbody>
</table>
<p>&nbsp;</p>
<p>Rodiče hradí pouze hodnotu za potraviny podle stáří dítěte. Režijní náklady na jeden oběd jsou hrazeny z příspěvku Obce Háj ve Slezsku. Mzdové náklady jsou s platností od 1. ledna 2026 také hrazeny z příspěvku Obce Háj ve Slezsku.</p>
<p align="left"><span style="color: #ff0000">Úhrada jídla</span><br />
Úhrada stravného je prováděna vždy na daný měsíc.</p>
<p align="left">K platbě můžete použít tyto možnosti:</p>
<ul>
<li><span style="color: #0000ff">inkasní souhlas z jakékoliv banky</span> &#8211; nutno zavést souhlas s inkasem na níže uvedené číslo účtu a tuto skutečnost oznámit ve školní jídelně, včetně svého čísla účtu</li>
<li><span style="color: #0000ff">trvalý příkaz</span> &#8211; každý strávník, který chce takto platit, musí si u vedoucí školní jídelny vyzvednout přidělený variabilní symbol(číslo strávníka)</li>
<li>Jednotlivé částky trvalých příkazů pro strávníky v ZŠ:
<ul>
<li>II. kat.  600,- Kč</li>
<li>III.kat.  640,- Kč</li>
<li>IV. kat. 680,- Kč</li>
</ul>
</li>
</ul>
<p>Stravné placeno trvalými příkazy se zúčtovává vždy k 31. prosinci a 30. červnu daného školního roku.</p>
<ul>
<li><span style="color: #0000ff">informativní lístek o platbě,</span> který je splatný do 15. dne příslušného měsíce. Informativní lístky se vydávají vždy na daný měsíc podle počtu objednaných jídel. Stravné je sníženo o skutečnost neodebraných obědů v minulém měsíci nebo zvýšeno, pokud stravné nebylo uhrazeno včas nebo nebyly odhlášeny obědy v době nepřítomnosti ve škole. Lístky o platbě jsou pro zájemce zasílány přes e-mail adresy.</li>
</ul>
<p align="left"><span style="color: #0000ff">Prosíme strávníky o zavedení úhrady stravného inkasním souhlasem. </span></p>
<p align="left"><span style="color: #0000ff">Číslo účtu k placení: <strong>035-1846299389/0800</strong></span></p>
<p align="left"><span style="color: #0000ff">Jako variabilní symbol se používá číslo strávníka.     </span></p>
<p align="left">Další informace Vám poskytne vedoucí ŠJ při Mateřské škole Háj<br />
osobně nebo na tel.čísle 553 773 002</p>
<p><span style="color: #0000ff">Všem strávníkům přejeme dobrou chuť.</span></p>
<p align="left">Dagmar  M o r a v c o v á,    vedoucí ŠJ<br />
a kolektiv školní jídelny při Mateřské škole Háj ve Slezsku</p>

<p>Jídelna při ZŠ Provoz školní jídelny u ZŠ   Výdej jídla od 11.30 do 13.40 hod pro žáky ZŠ Háj a školské pracovníky Příjímání strávníků Všichni strávníci jsou přijímáni ke stravování [&hellip;]</p>
