{"id":14,"date":"2022-08-21T11:21:35","date_gmt":"2022-08-21T09:21:35","guid":{"rendered":"https:\/\/skolkahaj.cz.uvirt121.active24.cz\/jidelna\/?page_id=14"},"modified":"2022-11-01T13:50:38","modified_gmt":"2022-11-01T12:50:38","slug":"kontakt","status":"publish","type":"page","link":"https:\/\/skolkahaj.cz\/jidelna\/kontakt\/","title":{"rendered":"\u260e\ufe0f Kontakt"},"content":{"rendered":"<h1>Kontakt<\/h1>\n<p><strong>\u0160koln\u00ed j\u00eddelna<\/strong><br \/>\n\u0160koln\u00ed 48, H\u00e1j ve Slezsku 747 92<\/p>\n<p>&nbsp;<\/p>\n<p>vedouc\u00ed \u0161koln\u00ed j\u00eddelny: Dagmar Moravcov\u00e1<\/p>\n<ul>\n<li>telefon: 553 773 002<\/li>\n<li>mobil: 730 513 020<\/li>\n<li>e-mail: <a href=\"mailto:moravcova@skolkahaj.cz\">moravcova@skolkahaj.cz<\/a><\/li>\n<\/ul>\n<p><strong>odlou\u010den\u00e9 pracovi\u0161t\u011b:<\/strong><br \/>\n<strong>\u0161koln\u00ed j\u00eddelna &#8211; v\u00fddejna<\/strong>\u00a0pro \u017e\u00e1ky Z\u0160 H\u00e1j ve Slezsku<br \/>\n\u0160koln\u00ed 90, H\u00e1j ve Slezsku 747 92<br \/>\ntelefon: +420\u00a0558\u00a0699 721<\/p>\n<h2>Mapa<\/h2>\n","protected":false},"excerpt":{"rendered":"<p>Kontakt \u0160koln\u00ed j\u00eddelna \u0160koln\u00ed 48, H\u00e1j ve Slezsku 747 92 &nbsp; vedouc\u00ed \u0161koln\u00ed j\u00eddelny: Dagmar Moravcov\u00e1 telefon: 553 773 002 mobil: 730 513 020 e-mail: moravcova@skolkahaj.cz odlou\u010den\u00e9 pracovi\u0161t\u011b: \u0161koln\u00ed j\u00eddelna [&hellip;]<\/p>\n","protected":false},"author":3,"featured_media":0,"parent":0,"menu_order":0,"comment_status":"closed","ping_status":"closed","template":"","meta":[],"_links":{"self":[{"href":"https:\/\/skolkahaj.cz\/jidelna\/wp-json\/wp\/v2\/pages\/14"}],"collection":[{"href":"https:\/\/skolkahaj.cz\/jidelna\/wp-json\/wp\/v2\/pages"}],"about":[{"href":"https:\/\/skolkahaj.cz\/jidelna\/wp-json\/wp\/v2\/types\/page"}],"author":[{"embeddable":true,"href":"https:\/\/skolkahaj.cz\/jidelna\/wp-json\/wp\/v2\/users\/3"}],"replies":[{"embeddable":true,"href":"https:\/\/skolkahaj.cz\/jidelna\/wp-json\/wp\/v2\/comments?post=14"}],"version-history":[{"count":9,"href":"https:\/\/skolkahaj.cz\/jidelna\/wp-json\/wp\/v2\/pages\/14\/revisions"}],"predecessor-version":[{"id":94,"href":"https:\/\/skolkahaj.cz\/jidelna\/wp-json\/wp\/v2\/pages\/14\/revisions\/94"}],"wp:attachment":[{"href":"https:\/\/skolkahaj.cz\/jidelna\/wp-json\/wp\/v2\/media?parent=14"}],"curies":[{"name":"wp","href":"https:\/\/api.w.org\/{rel}","templated":true}]}}