{"id":20,"date":"2022-08-18T16:50:41","date_gmt":"2022-08-18T14:50:41","guid":{"rendered":"https:\/\/skolkahaj.cz.uvirt121.active24.cz\/haj\/?page_id=20"},"modified":"2026-04-19T19:59:50","modified_gmt":"2026-04-19T17:59:50","slug":"kontakty","status":"publish","type":"page","link":"https:\/\/skolkahaj.cz\/haj\/kontakty\/","title":{"rendered":"O n\u00e1s"},"content":{"rendered":"<h1>O n\u00e1s<\/h1>\n<p><a href=\"https:\/\/skolkahaj.cz\/haj\/tym\/\">Pod\u00edvejte se\u00a0<strong>sem<\/strong> na n\u00e1\u0161 t\u00fdm!<\/a><\/p>\n<p>NA\u0160E \u0160KOLKA &#8211; Mate\u0159sk\u00e1 \u0161kola H\u00e1j ve Slezsku se nach\u00e1z\u00ed uprost\u0159ed obce, naproti z\u00e1kladn\u00ed \u0161koly. V panelov\u00e9 budov\u011b o dvou podla\u017e\u00edch m\u00e1me t\u0159i t\u0159\u00eddy s maxim\u00e1ln\u00edm po\u010dtem 25 d\u011bt\u00ed ve v\u011bku od 3 do 7 let s mo\u017enost\u00ed um\u00edst\u011bn\u00ed sourozenc\u016f nebo kamar\u00e1d\u016f do stejn\u00e9 t\u0159\u00eddy :). Dvoulet\u00e9 d\u011bti p\u0159ij\u00edm\u00e1me v p\u0159\u00edpad\u011b voln\u00e9 kapacity a pouze pokud d\u00edt\u011b zvl\u00e1d\u00e1 re\u017eim mate\u0159sk\u00e9 \u0161koly.<\/p>\n<p>Jednotliv\u00e9 t\u0159\u00eddy m\u00e1me vybaveny kvalitn\u00edm d\u011btsk\u00fdm n\u00e1bytkem, kter\u00fd rozd\u011bluje prostory jednotliv\u00fdch t\u0159\u00edd do center aktivit. T\u0159\u00eddy m\u00e1me bohat\u011b vybavena hra\u010dkami, pom\u016fckami, knihami, sportovn\u00edm n\u00e1\u0159ad\u00edm, v\u00fdtvarn\u00fdm materi\u00e1lem atp. d\u011btem voln\u011b dostupn\u00fdm v n\u00edzk\u00fdch sk\u0159\u00ed\u0148k\u00e1ch .<\/p>\n<p>Z \u010dinnost\u00ed preferujeme hru, experimenty a tvo\u0159iv\u00e9 \u010dinnosti.\u00a0Vkusn\u00e9, estetick\u00e9 prost\u0159ed\u00ed t\u0159\u00edd si d\u011bti tvo\u0159\u00ed a zdob\u00ed samy.<\/p>\n<p>U \u0161kolky m\u00e1me velkou p\u0159\u00edjemn\u011b zast\u00edn\u011bnou zahradu se t\u0159emi p\u00edskovi\u0161ti, zahradn\u00edmi pr\u016flezkami, skluzavkami, pru\u017einov\u00fdmi houpadly a d\u0159ev\u011bn\u00fdm komplexem s malou horolezeckou st\u011bnou.<\/p>\n<p>M\u00e1me vlastn\u00ed kuchy\u0148, ve kter\u00e9 p\u0159ipravujeme d\u011btem racion\u00e1ln\u00ed stravu s mno\u017estv\u00edm zeleniny\u00a0a ovoce, kter\u00e9 maj\u00ed d\u011bti ka\u017ed\u00fd den a po cel\u00fd den.<\/p>\n<p>O d\u011bti pe\u010duje 6 pln\u011b kvalifikovan\u00fdch pedagogick\u00fdch pracovnic, 3 asistenti pedagoga a 1 \u0161koln\u00ed asistent a 3 provozn\u00ed pracovnice tak, aby se d\u011bti c\u00edtily co nejl\u00e9pe a rodi\u010de byli spokojeni.<\/p>\n<p>Vzd\u011bl\u00e1v\u00e1n\u00ed se uskute\u010d\u0148uje podle st\u00e1tn\u00edho r\u00e1mcov\u00e9ho programu pro p\u0159ed\u0161koln\u00ed vzd\u011bl\u00e1v\u00e1n\u00ed vydan\u00e9ho M\u0160MT.<\/p>\n<p>N\u00e1\u0161 hlavn\u00ed z\u00e1m\u011br: <strong>\u0160\u0164ASTN\u00c9 D\u00cdT\u011a A SPOKOJEN\u00dd RODI\u010c<\/strong><\/p>\n<p><strong>Hospod\u00e1\u0159ka mate\u0159sk\u00e9 \u0161koly<\/strong><\/p>\n<ul>\n<li>Ivana Fickov\u00e1<\/li>\n<\/ul>\n<p><strong>Mal\u00e1 fotogalerie ze \u0161k. roku 2024\/2025, <span style=\"font-size: 10pt\">za kterou moc d\u011bkujeme pan\u00ed fotografce Kate\u0159in\u011b Holoubkov\u00e9<\/span><\/strong><\/p>\n<div id=\"attachment_14249\" style=\"width: 310px\" class=\"wp-caption alignnone\"><img aria-describedby=\"caption-attachment-14249\" loading=\"lazy\" class=\"wp-image-14249 size-medium\" src=\"https:\/\/skolkahaj.cz\/haj\/wp-content\/uploads\/sites\/4\/2025\/09\/IMG_6489-6x-300x214.jpg\" alt=\"\" width=\"300\" height=\"214\" srcset=\"https:\/\/skolkahaj.cz\/haj\/wp-content\/uploads\/sites\/4\/2025\/09\/IMG_6489-6x-300x214.jpg 300w, https:\/\/skolkahaj.cz\/haj\/wp-content\/uploads\/sites\/4\/2025\/09\/IMG_6489-6x-1024x731.jpg 1024w, https:\/\/skolkahaj.cz\/haj\/wp-content\/uploads\/sites\/4\/2025\/09\/IMG_6489-6x-768x548.jpg 768w, https:\/\/skolkahaj.cz\/haj\/wp-content\/uploads\/sites\/4\/2025\/09\/IMG_6489-6x.jpg 1040w\" sizes=\"(max-width: 300px) 100vw, 300px\" \/><p id=\"caption-attachment-14249\" class=\"wp-caption-text\">\u010cerven\u00e1 t\u0159\u00edda &#8211; \u0161k. rok 2024\/25<\/p><\/div>\n<p>&nbsp;<\/p>\n<div id=\"attachment_14251\" style=\"width: 310px\" class=\"wp-caption alignnone\"><img aria-describedby=\"caption-attachment-14251\" loading=\"lazy\" class=\"size-medium wp-image-14251\" src=\"https:\/\/skolkahaj.cz\/haj\/wp-content\/uploads\/sites\/4\/2025\/09\/IMG_6560-5x-300x214.jpg\" alt=\"\" width=\"300\" height=\"214\" srcset=\"https:\/\/skolkahaj.cz\/haj\/wp-content\/uploads\/sites\/4\/2025\/09\/IMG_6560-5x-300x214.jpg 300w, https:\/\/skolkahaj.cz\/haj\/wp-content\/uploads\/sites\/4\/2025\/09\/IMG_6560-5x-1024x731.jpg 1024w, https:\/\/skolkahaj.cz\/haj\/wp-content\/uploads\/sites\/4\/2025\/09\/IMG_6560-5x-768x548.jpg 768w, https:\/\/skolkahaj.cz\/haj\/wp-content\/uploads\/sites\/4\/2025\/09\/IMG_6560-5x.jpg 1067w\" sizes=\"(max-width: 300px) 100vw, 300px\" \/><p id=\"caption-attachment-14251\" class=\"wp-caption-text\">Modr\u00e1 t\u0159\u00edda &#8211; \u0161k. rok 2024\/25<\/p><\/div>\n<p>&nbsp;<\/p>\n<div id=\"attachment_14253\" style=\"width: 224px\" class=\"wp-caption alignnone\"><img aria-describedby=\"caption-attachment-14253\" loading=\"lazy\" class=\"size-medium wp-image-14253\" src=\"https:\/\/skolkahaj.cz\/haj\/wp-content\/uploads\/sites\/4\/2025\/09\/IMG_6620-5x-214x300.jpg\" alt=\"\" width=\"214\" height=\"300\" srcset=\"https:\/\/skolkahaj.cz\/haj\/wp-content\/uploads\/sites\/4\/2025\/09\/IMG_6620-5x-214x300.jpg 214w, https:\/\/skolkahaj.cz\/haj\/wp-content\/uploads\/sites\/4\/2025\/09\/IMG_6620-5x.jpg 690w\" sizes=\"(max-width: 214px) 100vw, 214px\" \/><p id=\"caption-attachment-14253\" class=\"wp-caption-text\">\u017dlut\u00e1 t\u0159\u00edda &#8211; \u0161k. rok 2024\/25<\/p><\/div>\n<p>&nbsp;<\/p>\n<p>Na\u0161e mate\u0159sk\u00e1 \u0161kola V\u00e1m nab\u00edz\u00ed mo\u017enost v\u00fdb\u011bru ze t\u0159\u00ed \u0161kolek, proto\u017ee sou\u010d\u00e1st\u00ed na\u0161\u00ed mate\u0159sk\u00e9 \u0161koly v H\u00e1ji ve Slezsku jsou dal\u0161\u00ed dv\u011b jednot\u0159\u00eddn\u00ed mate\u0159sk\u00e9 \u0161koly.<\/p>\n<ul>\n<li>M\u0160 Smolkov<\/li>\n<li>M\u0160 Lhota<\/li>\n<\/ul>\n<h2>Zam\u011bstnanci na\u0161ich odlou\u010den\u00fdch M\u0160<\/h2>\n<p><strong>M\u0160 Smolkov<\/strong><\/p>\n<ul>\n<li>Tereza Jur\u0161ov\u00e1 Such\u00e1nkov\u00e1 &#8211; vedouc\u00ed u\u010ditelka M\u0160<\/li>\n<li>Mgr. Kl\u00e1ra Malohlavov\u00e1 &#8211; u\u010ditelka M\u0160<\/li>\n<li>Lenka Sedl\u00e1kov\u00e1, DiS. &#8211; \u0161koln\u00ed asistent\/pedagog<\/li>\n<li>Brigita Kursov\u00e1 &#8211; domovnice<\/li>\n<\/ul>\n<p><strong>M\u0160 Lhota<\/strong><\/p>\n<ul>\n<li>Lucie Trn\u010d\u00e1kov\u00e1 &#8211; vedouc\u00ed u\u010ditelka M\u0160<\/li>\n<li>Ing. Kate\u0159ina Mat\u011bjov\u00e1 &#8211; u\u010ditelka M\u0160<\/li>\n<li>Kate\u0159ina \u0160indl\u00e1\u0159ov\u00e1 &#8211; asistent pedagoga<\/li>\n<li>Andrea Kol\u00e1\u0159ov\u00e1 &#8211; domovnice<\/li>\n<\/ul>\n<p><strong>Vedouc\u00ed \u0161koln\u00ed j\u00eddelny p\u0159i M\u0160 H\u00e1j ve Slezsku<\/strong><\/p>\n<ul>\n<li>Dagmar Moravcov\u00e1<\/li>\n<\/ul>\n<p><strong>Pracovnice \u0161koln\u00ed j\u00eddelny<\/strong><\/p>\n<ul>\n<li>V\u011bra Zahradn\u00edkov\u00e1 &#8211; vedouc\u00ed kucha\u0159ka<\/li>\n<li>Alena Janov\u00e1\u010dov\u00e1 &#8211; kucha\u0159ka<\/li>\n<li>Dagmar Klime\u0161ov\u00e1 &#8211; kucha\u0159ka<\/li>\n<li>\u0160\u00e1rka Sl\u00ed\u017ekov\u00e1<\/li>\n<li>Hana Stareczkov\u00e1<\/li>\n<li>Jaroslava Rozko\u0161n\u00e1<\/li>\n<li>Jana N\u00e1b\u011blkov\u00e1<\/li>\n<li>Radka \u010cern\u00e1<\/li>\n<li>Olena Dobrovolska<\/li>\n<li>Ivana Krumlov\u00e1<\/li>\n<\/ul>\n<div id=\"attachment_14256\" style=\"width: 224px\" class=\"wp-caption alignnone\"><img aria-describedby=\"caption-attachment-14256\" loading=\"lazy\" class=\"size-medium wp-image-14256\" src=\"https:\/\/skolkahaj.cz\/haj\/wp-content\/uploads\/sites\/4\/2025\/09\/IMG_6672-12x-214x300.jpg\" alt=\"\" width=\"214\" height=\"300\" srcset=\"https:\/\/skolkahaj.cz\/haj\/wp-content\/uploads\/sites\/4\/2025\/09\/IMG_6672-12x-214x300.jpg 214w, https:\/\/skolkahaj.cz\/haj\/wp-content\/uploads\/sites\/4\/2025\/09\/IMG_6672-12x.jpg 691w\" sizes=\"(max-width: 214px) 100vw, 214px\" \/><p id=\"caption-attachment-14256\" class=\"wp-caption-text\">Holky z kuchyn\u011b \ud83d\ude09<\/p><\/div>\n","protected":false},"excerpt":{"rendered":"<p>O n\u00e1s Pod\u00edvejte se\u00a0sem na n\u00e1\u0161 t\u00fdm! NA\u0160E \u0160KOLKA &#8211; Mate\u0159sk\u00e1 \u0161kola H\u00e1j ve Slezsku se nach\u00e1z\u00ed uprost\u0159ed obce, naproti z\u00e1kladn\u00ed \u0161koly. V panelov\u00e9 budov\u011b o dvou podla\u017e\u00edch m\u00e1me t\u0159i t\u0159\u00eddy s maxim\u00e1ln\u00edm po\u010dtem 25 d\u011bt\u00ed ve v\u011bku od 3 do 7 let s mo\u017enost\u00ed um\u00edst\u011bn\u00ed sourozenc\u016f nebo kamar\u00e1d\u016f do stejn\u00e9 t\u0159\u00eddy :). Dvoulet\u00e9 d\u011bti [&hellip;]<\/p>\n","protected":false},"author":3,"featured_media":0,"parent":0,"menu_order":0,"comment_status":"closed","ping_status":"closed","template":"","meta":[],"_links":{"self":[{"href":"https:\/\/skolkahaj.cz\/haj\/wp-json\/wp\/v2\/pages\/20"}],"collection":[{"href":"https:\/\/skolkahaj.cz\/haj\/wp-json\/wp\/v2\/pages"}],"about":[{"href":"https:\/\/skolkahaj.cz\/haj\/wp-json\/wp\/v2\/types\/page"}],"author":[{"embeddable":true,"href":"https:\/\/skolkahaj.cz\/haj\/wp-json\/wp\/v2\/users\/3"}],"replies":[{"embeddable":true,"href":"https:\/\/skolkahaj.cz\/haj\/wp-json\/wp\/v2\/comments?post=20"}],"version-history":[{"count":42,"href":"https:\/\/skolkahaj.cz\/haj\/wp-json\/wp\/v2\/pages\/20\/revisions"}],"predecessor-version":[{"id":14724,"href":"https:\/\/skolkahaj.cz\/haj\/wp-json\/wp\/v2\/pages\/20\/revisions\/14724"}],"wp:attachment":[{"href":"https:\/\/skolkahaj.cz\/haj\/wp-json\/wp\/v2\/media?parent=20"}],"curies":[{"name":"wp","href":"https:\/\/api.w.org\/{rel}","templated":true}]}}

O nás

<h1>O nás</h1>
<p><a href="https://skolkahaj.cz/haj/tym/">Podívejte se <strong>sem</strong> na náš tým!</a></p>
<p>NAŠE ŠKOLKA &#8211; Mateřská škola Háj ve Slezsku se nachází uprostřed obce, naproti základní školy. V panelové budově o dvou podlažích máme tři třídy s maximálním počtem 25 dětí ve věku od 3 do 7 let s možností umístění sourozenců nebo kamarádů do stejné třídy :). Dvouleté děti přijímáme v případě volné kapacity a pouze pokud dítě zvládá režim mateřské školy.</p>
<p>Jednotlivé třídy máme vybaveny kvalitním dětským nábytkem, který rozděluje prostory jednotlivých tříd do center aktivit. Třídy máme bohatě vybavena hračkami, pomůckami, knihami, sportovním nářadím, výtvarným materiálem atp. dětem volně dostupným v nízkých skříňkách .</p>
<p>Z činností preferujeme hru, experimenty a tvořivé činnosti. Vkusné, estetické prostředí tříd si děti tvoří a zdobí samy.</p>
<p>U školky máme velkou příjemně zastíněnou zahradu se třemi pískovišti, zahradními průlezkami, skluzavkami, pružinovými houpadly a dřevěným komplexem s malou horolezeckou stěnou.</p>
<p>Máme vlastní kuchyň, ve které připravujeme dětem racionální stravu s množstvím zeleniny a ovoce, které mají děti každý den a po celý den.</p>
<p>O děti pečuje 6 plně kvalifikovaných pedagogických pracovnic, 3 asistenti pedagoga a 1 školní asistent a 3 provozní pracovnice tak, aby se děti cítily co nejlépe a rodiče byli spokojeni.</p>
<p>Vzdělávání se uskutečňuje podle státního rámcového programu pro předškolní vzdělávání vydaného MŠMT.</p>
<p>Náš hlavní záměr: <strong>ŠŤASTNÉ DÍTĚ A SPOKOJENÝ RODIČ</strong></p>
<p><strong>Hospodářka mateřské školy</strong></p>
<ul>
<li>Ivana Ficková</li>
</ul>
<p><strong>Malá fotogalerie ze šk. roku 2024/2025, <span style="font-size: 10pt">za kterou moc děkujeme paní fotografce Kateřině Holoubkové</span></strong></p>
<div id="attachment_14249" style="width: 310px" class="wp-caption alignnone"><img aria-describedby="caption-attachment-14249" loading="lazy" class="wp-image-14249 size-medium" src="https://skolkahaj.cz/haj/wp-content/uploads/sites/4/2025/09/IMG_6489-6x-300x214.jpg" alt="" width="300" height="214" srcset="https://skolkahaj.cz/haj/wp-content/uploads/sites/4/2025/09/IMG_6489-6x-300x214.jpg 300w, https://skolkahaj.cz/haj/wp-content/uploads/sites/4/2025/09/IMG_6489-6x-1024x731.jpg 1024w, https://skolkahaj.cz/haj/wp-content/uploads/sites/4/2025/09/IMG_6489-6x-768x548.jpg 768w, https://skolkahaj.cz/haj/wp-content/uploads/sites/4/2025/09/IMG_6489-6x.jpg 1040w" sizes="(max-width: 300px) 100vw, 300px" /><p id="caption-attachment-14249" class="wp-caption-text">Červená třída &#8211; šk. rok 2024/25</p></div>
<p>&nbsp;</p>
<div id="attachment_14251" style="width: 310px" class="wp-caption alignnone"><img aria-describedby="caption-attachment-14251" loading="lazy" class="size-medium wp-image-14251" src="https://skolkahaj.cz/haj/wp-content/uploads/sites/4/2025/09/IMG_6560-5x-300x214.jpg" alt="" width="300" height="214" srcset="https://skolkahaj.cz/haj/wp-content/uploads/sites/4/2025/09/IMG_6560-5x-300x214.jpg 300w, https://skolkahaj.cz/haj/wp-content/uploads/sites/4/2025/09/IMG_6560-5x-1024x731.jpg 1024w, https://skolkahaj.cz/haj/wp-content/uploads/sites/4/2025/09/IMG_6560-5x-768x548.jpg 768w, https://skolkahaj.cz/haj/wp-content/uploads/sites/4/2025/09/IMG_6560-5x.jpg 1067w" sizes="(max-width: 300px) 100vw, 300px" /><p id="caption-attachment-14251" class="wp-caption-text">Modrá třída &#8211; šk. rok 2024/25</p></div>
<p>&nbsp;</p>
<div id="attachment_14253" style="width: 224px" class="wp-caption alignnone"><img aria-describedby="caption-attachment-14253" loading="lazy" class="size-medium wp-image-14253" src="https://skolkahaj.cz/haj/wp-content/uploads/sites/4/2025/09/IMG_6620-5x-214x300.jpg" alt="" width="214" height="300" srcset="https://skolkahaj.cz/haj/wp-content/uploads/sites/4/2025/09/IMG_6620-5x-214x300.jpg 214w, https://skolkahaj.cz/haj/wp-content/uploads/sites/4/2025/09/IMG_6620-5x.jpg 690w" sizes="(max-width: 214px) 100vw, 214px" /><p id="caption-attachment-14253" class="wp-caption-text">Žlutá třída &#8211; šk. rok 2024/25</p></div>
<p>&nbsp;</p>
<p>Naše mateřská škola Vám nabízí možnost výběru ze tří školek, protože součástí naší mateřské školy v Háji ve Slezsku jsou další dvě jednotřídní mateřské školy.</p>
<ul>
<li>MŠ Smolkov</li>
<li>MŠ Lhota</li>
</ul>
<h2>Zaměstnanci našich odloučených MŠ</h2>
<p><strong>MŠ Smolkov</strong></p>
<ul>
<li>Tereza Juršová Suchánková &#8211; vedoucí učitelka MŠ</li>
<li>Mgr. Klára Malohlavová &#8211; učitelka MŠ</li>
<li>Lenka Sedláková, DiS. &#8211; školní asistent/pedagog</li>
<li>Brigita Kursová &#8211; domovnice</li>
</ul>
<p><strong>MŠ Lhota</strong></p>
<ul>
<li>Lucie Trnčáková &#8211; vedoucí učitelka MŠ</li>
<li>Ing. Kateřina Matějová &#8211; učitelka MŠ</li>
<li>Kateřina Šindlářová &#8211; asistent pedagoga</li>
<li>Andrea Kolářová &#8211; domovnice</li>
</ul>
<p><strong>Vedoucí školní jídelny při MŠ Háj ve Slezsku</strong></p>
<ul>
<li>Dagmar Moravcová</li>
</ul>
<p><strong>Pracovnice školní jídelny</strong></p>
<ul>
<li>Věra Zahradníková &#8211; vedoucí kuchařka</li>
<li>Alena Janováčová &#8211; kuchařka</li>
<li>Dagmar Klimešová &#8211; kuchařka</li>
<li>Šárka Slížková</li>
<li>Hana Stareczková</li>
<li>Jaroslava Rozkošná</li>
<li>Jana Nábělková</li>
<li>Radka Černá</li>
<li>Olena Dobrovolska</li>
<li>Ivana Krumlová</li>
</ul>
<div id="attachment_14256" style="width: 224px" class="wp-caption alignnone"><img aria-describedby="caption-attachment-14256" loading="lazy" class="size-medium wp-image-14256" src="https://skolkahaj.cz/haj/wp-content/uploads/sites/4/2025/09/IMG_6672-12x-214x300.jpg" alt="" width="214" height="300" srcset="https://skolkahaj.cz/haj/wp-content/uploads/sites/4/2025/09/IMG_6672-12x-214x300.jpg 214w, https://skolkahaj.cz/haj/wp-content/uploads/sites/4/2025/09/IMG_6672-12x.jpg 691w" sizes="(max-width: 214px) 100vw, 214px" /><p id="caption-attachment-14256" class="wp-caption-text">Holky z kuchyně 😉</p></div>

<p>O nás Podívejte se sem na náš tým! NAŠE ŠKOLKA &#8211; Mateřská škola Háj ve Slezsku se nachází uprostřed obce, naproti základní školy. V panelové budově o dvou podlažích máme tři třídy s maximálním počtem 25 dětí ve věku od 3 do 7 let s možností umístění sourozenců nebo kamarádů do stejné třídy :). Dvouleté děti [&hellip;]</p>
